{"id":21,"date":"2020-03-17T13:22:54","date_gmt":"2020-03-17T12:22:54","guid":{"rendered":"http:\/\/radiokuko.noblogs.org\/?page_id=21"},"modified":"2021-02-22T12:26:05","modified_gmt":"2021-02-22T11:26:05","slug":"bajo-la-bruma-2","status":"publish","type":"page","link":"https:\/\/radiokuko.noblogs.org\/?page_id=21","title":{"rendered":"Bajo la bruma"},"content":{"rendered":"<div align=\"center\"><H1><strong><\/p>\n<p style=\"font-family:courier,arial,helv\u00e9tica\"><font color=\"#651E0F\"><\/p>\n<div style=\"background-color:black\">\n<hr width=\"100%\" size=\"10\" \/><\/div>\n<p>BAJO LA BRUMA<\/font>\n<\/p>\n<p><\/strong><\/H1><\/div>\n<div style=\"background-color:black\">\n<hr width=\"100%\" size=\"10\" \/><\/div>\n<p><img loading=\"lazy\" decoding=\"async\" src=\"https:\/\/radiokuko.noblogs.org\/files\/2020\/03\/be4d2d44-ad28-4a52-82b2-c0245e2c96da-300x223.jpg\" width=\"300\" height=\"223\" align=\"center\" class=\"center\" \/><\/p>\n<p><H2><\/p>\n<p style=\"font-family:courier,arial,helv\u00e9tica\"><strong>\t\u00abUn programa en el que vamos a indagar en los v\u00ednculos entre las relaciones humanas a lo largo de la historia y la m\u00fasica. Una excusa para poder hablar de musica de diferentes lugares y momentos junto con los relatos que las han acompa\u00f1ado.\u00bb <\/strong><\/p>\n<p><\/H2><\/p>\n<div align=\"center\"><H3><strong>Ep1: El baile de la ara\u00f1a<\/strong><\/H3><\/div>\n<p><H4><\/p>\n<p><em><\/p>\n<p style=\"font-family:courier,arial,helv\u00e9tica\">En este primer programa vamos a viajar al mezzogiorno italiano para hablar de posesiones y rituales curativos, seguiremos el hilo de la Pizzica y la Tarantella para asi adentrarnos en una tradici\u00f3n antiqu\u00edsima que se desdibuja en la historia del mediterr\u00e1neo, el tarantismo.<\/p>\n<p><\/em><\/ol>\n<p><\/H4><\/p>\n<p><audio class=\"wp-audio-shortcode\" id=\"audio-21-1\" preload=\"none\" style=\"width: 100%;\" controls=\"controls\"><source type=\"audio\/mpeg\" src=\"https:\/\/www.ivoox.com\/ep1-el-baile-arana_md_46680677_wp_1.mp3?_=1\" \/><a href=\"https:\/\/www.ivoox.com\/ep1-el-baile-arana_md_46680677_wp_1.mp3\">https:\/\/www.ivoox.com\/ep1-el-baile-arana_md_46680677_wp_1.mp3<\/a><\/audio> <a href=\"https:\/\/www.ivoox.com\/ep1-el-baile-arana-audios-mp3_rf_46680677_1.html\" title=\"Ep1: El baile de la ara\u00f1a\">Enlace a descarga<\/a><br \/>\n<div style=\"width: 640px;\" class=\"wp-video\"><video class=\"wp-video-shortcode\" id=\"video-21-1\" width=\"640\" height=\"360\" preload=\"metadata\" controls=\"controls\"><source type=\"video\/youtube\" src=\"https:\/\/www.youtube.com\/watch?v=mmGv5TXOqQ8&#038;_=1\" \/><a href=\"https:\/\/www.youtube.com\/watch?v=mmGv5TXOqQ8\">https:\/\/www.youtube.com\/watch?v=mmGv5TXOqQ8<\/a><\/video><\/div> <\/p>\n<div align=\"center\"><H3><strong>Ep2: Equilibristas de las tres pares de cuerdas<\/strong><\/H3><\/div>\n<p><em><H4><\/p>\n<p style=\"font-family:courier,arial,helv\u00e9tica\">En este segundo episodio de Bajo la bruma viajamos hasta Grecia para encontrarnos con un genero musical que ha servido de banda sonora a los despose\u00eddos y rebeldes del pais, el Rebetiko. M\u00fasica parida en talegos y bajos fondos, ahumada con el hach\u00eds de los narguiles y ba\u00f1ada en el anis del ouzo. Prohibido muchas veces y cantado en la clandestinidad, el Rebetiko nos sirve como hilo conductor para conocer el convulso siglo XX del pa\u00eds heleno, siglo plagado de guerras dictaduras y crisis y que ha tenido en el Rebetiko la m\u00fasica de la resistencia y la desobediencia.<\/H4><\/p>\n<p><H5><Strong>Fe de erratas:<\/Strong> En el min 53 se dice que llega la segunda guerra mundial en el 1931. En realidad se quer\u00eda decir que llega la ocupaci\u00f3n nazi en 1941<\/H5><\/em><\/ol>\n<p><audio class=\"wp-audio-shortcode\" id=\"audio-21-2\" preload=\"none\" style=\"width: 100%;\" controls=\"controls\"><source type=\"audio\/mpeg\" src=\"https:\/\/www.ivoox.com\/ep2-equilibristas-tres-pares-cuerdas_md_48259735_wp_1.mp3?_=2\" \/><a href=\"https:\/\/www.ivoox.com\/ep2-equilibristas-tres-pares-cuerdas_md_48259735_wp_1.mp3\">https:\/\/www.ivoox.com\/ep2-equilibristas-tres-pares-cuerdas_md_48259735_wp_1.mp3<\/a><\/audio> <a href=\"https:\/\/www.ivoox.com\/ep2-equilibristas-tres-pares-cuerdas-audios-mp3_rf_48259735_1.html\" title=\"Ep2: Equilibristas de las tres pares de cuerdas\">Descargar el programa<\/a><br \/>\n<div style=\"width: 640px;\" class=\"wp-video\"><video class=\"wp-video-shortcode\" id=\"video-21-2\" width=\"640\" height=\"360\" preload=\"metadata\" controls=\"controls\"><source type=\"video\/youtube\" src=\"https:\/\/www.youtube.com\/watch?v=1PMTX5ssGjs&#038;_=2\" \/><a href=\"https:\/\/www.youtube.com\/watch?v=1PMTX5ssGjs\">https:\/\/www.youtube.com\/watch?v=1PMTX5ssGjs<\/a><\/video><\/div> <\/p>\n<div align=\"center\"><H3><strong>Ep3: Melod\u00edas de la buena muerte<\/strong><\/H3><\/div>\n<p><em><H4><\/p>\n<p style=\"font-family:courier,arial,helv\u00e9tica\">Grabamos este programa desde el encierro casero al que nos ha llevado la pandemia del virus covid 19, Como os dije en el anterior programa este iba a tratar sobre canciones para nacer y morir, pero me he tenido que quedar con las de morir puesto que de nacimientos casi no hay ritos musicales.<br \/>\nEn cambio, la muerte, en casi todas las culturas viene con melod\u00edas, la m\u00fasica se usa casi siempre cuando marchamos, se usa como consuelo colectivo, como invocaci\u00f3n a la otra vida, como recuerdo emocionado o como forma de sanar el luto, como mecanismo interno y colectivo de afrontar la perdida de alguien hacia algo que en principio desconocemos.<br \/>\nAl fin y al cabo la m\u00fasica funciona como b\u00e1lsamo contra el miedo y lo inexplicable.<\/p>\n<p><em><H4><\/p>\n<p style=\"font-family:courier,arial,helv\u00e9tica\">Tenemos la esperanza que pueda servir de revulsivo en estos tiempos tan duros. Tenemos la esperanza que al recorrer el mundo y escuchar como de despide a las personas que nos dejan, como se las llora, como se las recuerda, se las canta y se las baila, podamos sanar un poquito por dentro en estos momentos tan dif\u00edciles.<\/H4><\/p>\n<p><audio class=\"wp-audio-shortcode\" id=\"audio-21-3\" preload=\"none\" style=\"width: 100%;\" controls=\"controls\"><source type=\"audio\/mpeg\" src=\"https:\/\/www.ivoox.com\/bajo-bruma-ep-3-melodias-la_md_50170234_wp_1.mp3?_=3\" \/><a href=\"https:\/\/www.ivoox.com\/bajo-bruma-ep-3-melodias-la_md_50170234_wp_1.mp3\">https:\/\/www.ivoox.com\/bajo-bruma-ep-3-melodias-la_md_50170234_wp_1.mp3<\/a><\/audio> <a href=\"https:\/\/go.ivoox.com\/rf\/50170234\" title=\"Bajo la bruma. Ep 3: Melod\u00edas de la buena muerte\">Descargar el programa<\/a><br \/>\n<div style=\"width: 640px;\" class=\"wp-video\"><video class=\"wp-video-shortcode\" id=\"video-21-3\" width=\"640\" height=\"360\" preload=\"metadata\" controls=\"controls\"><source type=\"video\/youtube\" src=\"https:\/\/www.youtube.com\/watch?v=YleZaBbCAAk&#038;_=3\" \/><a href=\"https:\/\/www.youtube.com\/watch?v=YleZaBbCAAk\">https:\/\/www.youtube.com\/watch?v=YleZaBbCAAk<\/a><\/video><\/div> <\/p>\n<div align=\"center\"><H3><strong>Ep4: Quien a hierro mata a hierro termina<\/strong><\/H3><\/div>\n<p><em><H4><\/p>\n<p style=\"font-family:courier,arial,helv\u00e9tica\">Traemos un programa con olores caribe\u00f1os y de bajos fondos, de tumbao, son y salsa pega. En este episodio 4 de \u00abBajo la bruma\u00bb venimos a tratas sobre la salsa consciente, de la salsa que habla de las vidas de lxs perdedores, de la clase obrera y de las venas de Latinoamerica.<br \/>\nUn programa con mucho ritmo.<\/H4><\/p>\n<p><H5><Strong>Lista de reproducci\u00f3n<\/Strong> <a href=\"https:\/\/www.youtube.com\/redirect?event=video_description&amp;redir_token=QUFFLUhqbjdieldPR2tvaEdiTGRFTzFycDBrZE9TVFk5QXxBQ3Jtc0tsdFpaZDFFRXc3QUVYZlFoTl90QTRMUkFkRF8xeHJkYjMzdFVZNktlbWJfMHAwS0ZOckZ2UU16c2tYel9fam5MUXJETXdJSkE0LXFWREdPaDlmWGxWbnM1N2p2MEh0NFAxTlNVblFiYkttNTd5T0Z2VQ&amp;q=https%3A%2F%2Fopen.spotify.com%2Fplaylist%2F7AyRtT2oB58MYdMkyBCQt5%3Fsi%3DtLVcLspASg23nKX9mLBDJw\">Lista de reproducci\u00f3n<\/a><\/H5><\/em><\/ol>\n<p><audio class=\"wp-audio-shortcode\" id=\"audio-21-4\" preload=\"none\" style=\"width: 100%;\" controls=\"controls\"><source type=\"audio\/mpeg\" src=\"https:\/\/www.ivoox.com\/bajo-bruma-ep-4-quien-a-hierro_md_65041438_wp_1.mp3?_=4\" \/><a href=\"https:\/\/www.ivoox.com\/bajo-bruma-ep-4-quien-a-hierro_md_65041438_wp_1.mp3\">https:\/\/www.ivoox.com\/bajo-bruma-ep-4-quien-a-hierro_md_65041438_wp_1.mp3<\/a><\/audio> <a href=\"https:\/\/go.ivoox.com\/rf\/65041438\" title=\"Bajo la bruma. Ep 4. Quien a hierro mata a hierro termina\">Descargar el programa<\/a><br \/>\n<div style=\"width: 640px;\" class=\"wp-video\"><video class=\"wp-video-shortcode\" id=\"video-21-4\" width=\"640\" height=\"360\" preload=\"metadata\" controls=\"controls\"><source type=\"video\/youtube\" src=\"https:\/\/www.youtube.com\/watch?v=4QIasdwTYbY&#038;_=4\" \/><a href=\"https:\/\/www.youtube.com\/watch?v=4QIasdwTYbY\">https:\/\/www.youtube.com\/watch?v=4QIasdwTYbY<\/a><\/video><\/div> <\/p>\n","protected":false},"excerpt":{"rendered":"<p>BAJO LA BRUMA \u00abUn programa en el que vamos a indagar en los v\u00ednculos entre las relaciones humanas a lo largo de la historia y la m\u00fasica. Una excusa para poder hablar de musica de diferentes lugares y momentos junto con los relatos que las han acompa\u00f1ado.\u00bb Ep1: El baile de la ara\u00f1a En este [&hellip;]<\/p>\n","protected":false},"author":14881,"featured_media":0,"parent":0,"menu_order":0,"comment_status":"closed","ping_status":"closed","template":"archives.php","meta":{"footnotes":""},"class_list":["post-21","page","type-page","status-publish","hentry"],"_links":{"self":[{"href":"https:\/\/radiokuko.noblogs.org\/index.php?rest_route=\/wp\/v2\/pages\/21","targetHints":{"allow":["GET"]}}],"collection":[{"href":"https:\/\/radiokuko.noblogs.org\/index.php?rest_route=\/wp\/v2\/pages"}],"about":[{"href":"https:\/\/radiokuko.noblogs.org\/index.php?rest_route=\/wp\/v2\/types\/page"}],"author":[{"embeddable":true,"href":"https:\/\/radiokuko.noblogs.org\/index.php?rest_route=\/wp\/v2\/users\/14881"}],"replies":[{"embeddable":true,"href":"https:\/\/radiokuko.noblogs.org\/index.php?rest_route=%2Fwp%2Fv2%2Fcomments&post=21"}],"version-history":[{"count":62,"href":"https:\/\/radiokuko.noblogs.org\/index.php?rest_route=\/wp\/v2\/pages\/21\/revisions"}],"predecessor-version":[{"id":458,"href":"https:\/\/radiokuko.noblogs.org\/index.php?rest_route=\/wp\/v2\/pages\/21\/revisions\/458"}],"wp:attachment":[{"href":"https:\/\/radiokuko.noblogs.org\/index.php?rest_route=%2Fwp%2Fv2%2Fmedia&parent=21"}],"curies":[{"name":"wp","href":"https:\/\/api.w.org\/{rel}","templated":true}]}}